Let l be -1 + 3 - -2*1. Suppose -m = l*m - 25. Suppose m*g = g + 52. Is g a prime number?
True
Let f(r) be the first derivative of 14*r**3/3 - r**2/2 + 5. Let a be f(1). Let j = 21 + a. Is j prime?
False
Suppose -3*q = -3*r + 6, 0 = -r + 2*r - 4*q + 1. Suppose -2*k + r*j = -k - 8, 2*k + 17 = -5*j. Is 0 + (k - 3) - -91 prime?
False
Suppose -5*r + 4*f + 17 = 0, -2*r + 6 = -2*f - 2. Let j = r + 61. Is j composite?
True
Suppose 5*n - 11 - 144 = 0. Let t = -10 + -2. Let h = n - t. Is h composite?
False
Let k = -984 + 1813. Is k prime?
True
Suppose 5*m - d = 71, 4*d - 28 = -5*m + 63. Suppose -m*w + 21*w = 318. Is w composite?
False
Let n(x) = 4*x**2 + 53*x - 34. Is n(-28) composite?
True
Let p be (2/(-2))/(79/(-29546)). Suppose o + 4*w = -221, 3*o + w = -2*w - 672. Let g = p + o. Is g prime?
True
Let l = -84 - -34. Is (-22210)/l*(3 - 2/(-1)) prime?
True
Let y(b) = -2736*b**3 + 4*b + 3. Suppose 2*r - 4 = -6. Is y(r) a composite number?
True
Suppose 154 = -2*k - 3*b, -3*b + 0*b + 77 = -k. Let f = 142 + k. Is f a composite number?
True
Suppose -2*g + 4*a + 20 = 0, 2*a = g + 3*a - 1. Suppose -5*x = -g*x - 6353. Is x prime?
True
Let u(c) = 74*c**2 + 9*c - 3. Let m be 22/6 - 0 - (-25)/75. Is u(m) a prime number?
True
Is (12/10)/((48/(-130040))/(-3)) composite?
True
Let r = -933 - -1907. Let o = 1438 - r. Suppose 4*c = -4*f + o, 94 = -4*f + c + 543. Is f composite?
False
Let u(y) = -y + 16. Let d be u(20). Is 172*(3/d - -2) composite?
True
Suppose 0*n - 8689 = -3*z - n, 3*z = 3*n + 8673. Let q = z + -1000. Is q prime?
False
Let u(a) = -a**2 + a. Let t be u(1). Let i(b) = b**3 - b - 1. Let g be i(t). Is (1/(-2))/(g/262) a prime number?
True
Let p = 434 - 143. Suppose 1483 = 4*j + p. Is j prime?
False
Suppose -4*g = -l - 743, -3*g = -0*l + 4*l - 562. Suppose -207 = 3*p - 7*p + q, 4*q = -5*p + 264. Let d = g - p. Is d composite?
True
Let t be 24/10*(-30)/(-12). Suppose z + h + 12 = -4*z, -t = 5*z + 3*h. Is 3/z*(-557)/1 a prime number?
True
Let l be (-1 - ((-23)/2 - 4))*2. Let p = l - 23. Is p a prime number?
False
Let m = 7 + -9. Is 57355/35 - m/7 a composite number?
True
Let j be -8 + 9 - 3/(-3). Suppose -2*g - 3*h = -9838, -j*h = 2*h. Is g a composite number?
False
Suppose 3*z - o = 1566, z - o = -4*z + 2608. Is z a composite number?
False
Let k(o) = -o**3 + 18*o**2 - 6*o + 3. Let i(h) = -3*h**3 + 53*h**2 - 19*h + 10. Let a(w) = 4*i(w) - 11*k(w). Is a(10) composite?
False
Let z = 352 + -161. Suppose 5*r - 358 - z = -3*h, -3*h + 549 = -3*r. Is h prime?
False
Suppose 0 = 11*o - 2*o - 27963. Is o a composite number?
True
Let k be 1 - 0 - 53/(-1). Suppose 3*r - k - 2703 = 0. Is r prime?
True
Let b be 44/330 + (-73)/(-15). Let m(s) = 12*s**3 + 4*s**2 - 2*s - 11. Is m(b) a composite number?
False
Is 2/(-4)*844*(-3)/6 prime?
True
Is 70870 + (13 + -18 - 6) prime?
False
Let x(q) = q**3 + 13*q**2 - 5*q + 31. Let u be x(-14). Suppose 0 = -4*h + 2*h + 348. Let s = u + h. Is s a composite number?
False
Let o be 0/(-1) - (-18 - 1 - -7). Suppose -3*t - 5679 = -o*t. Is t prime?
True
Let c be ((-20)/(-3))/(5916/738 + -8). Suppose -d + 3*j - 777 = -2*d, -2*j - 3066 = -4*d. Let u = d - c. Is u a composite number?
True
Let h = 60 + -55. Let l(g) = 40*g + 1. Is l(h) a prime number?
False
Let g(c) = c**2 + 11*c - 4. Let p be g(-11). Is -4 + (2334 + -1 - p) composite?
False
Suppose -11 = -5*d - p, 0 = 2*p + p - 3. Suppose 0 = m + d*m - 36. Is 3*(-4)/(m/(-19)) a prime number?
True
Let i(x) = 2*x**2 + 2*x - 1. Let f be i(1). Suppose -5*o = -f*k + 7*k - 929, 2*o + 4*k = 374. Is o a composite number?
True
Let b(v) = -2*v**2 + 9*v - 1. Let g be b(5). Is g/(-8) + (4 - 605/(-20)) prime?
False
Let k(x) = -14*x + 9. Suppose 5*n + 2 = 4*t, 20 = -n - 4*n - 5*t. Let s be 75/10*n/3. Is k(s) prime?
True
Let p(l) = -l**2 + l - 1. Let r(f) = 138*f**2 - f. Let t(i) = -2*p(i) + r(i). Is t(1) a composite number?
False
Suppose 2*c - 1994 = -0*c. Is c a prime number?
True
Let m = -28 - -30. Is (-37)/((m - 5) + 2) composite?
False
Suppose -7*k + 1345 + 314 = 0. Suppose -k - 759 = -4*j. Is j composite?
True
Let o = 30 - 27. Suppose 1121 = o*h + 5*f, -6*h + h + 1877 = 4*f. Is h a prime number?
False
Let q = -325 + 878. Let j = q - 334. Is j prime?
False
Is (8/(-6))/((-44)/124113) a composite number?
False
Let l(m) = -4805*m + 38. Is l(-1) a composite number?
True
Let z = 2128 - 1249. Suppose 3*j - z = 114. Is j a composite number?
False
Let x(i) = 4344*i + 79. Is x(3) a prime number?
False
Suppose -2 = -3*c + v - 5*v, -2*c - 3*v = 0. Let x(i) = -2 + 4 + 0 + 2*i - c*i**2 + 3*i**2 + 4*i**3. Is x(3) prime?
True
Let v(a) = 27*a + 2. Let h = 18 - 3. Suppose -3*w + 4*u - 7 = 0, 2*w + h - 1 = 5*u. Is v(w) a composite number?
False
Is ((-1035)/575)/(3/(-60985)) a prime number?
False
Suppose -7*z + 4*z + 12 = 0. Suppose -5*s + z*x - 50 = 0, -2*s + x - 8 - 12 = 0. Let j(o) = 2*o**2 + 8*o + 11. Is j(s) prime?
True
Let i(t) = -378*t - 11. Suppose 4*c + 4*u = -4, -5*c + u - 23 = -0*u. Is i(c) a prime number?
False
Let v(g) = 10*g**2 - 20*g - 83. Is v(-9) a prime number?
True
Suppose 5*v = 2*u - 1632, -3*v = 3*u + 677 + 298. Let h(m) = -646*m**2 + 35*m - 34. Let j be h(1). Let t = v - j. Is t a prime number?
False
Suppose 85*i - 80*i = 41315. Is i prime?
True
Suppose -2*v + 9 = -23. Is (-1)/(-4) + 940/v a prime number?
True
Let r be (-2)/(-2) + (2 - 1). Let k = 4 - r. Suppose 3*p = -k*p - 3*j + 4765, -2*p - j + 1906 = 0. Is p composite?
False
Let j(x) = 3*x**3 + 24*x**2 - 4*x + 2. Let b be j(-7). Let n = -2 - -2. Suppose n = -q + 230 + b. Is q prime?
False
Let k(w) = -46*w + 23*w**2 - 1 + 4*w**2 + 49*w. Is k(2) composite?
False
Let v be (-4 - -5 - 4)*-5. Let r be -65*(4 + (-66)/v). Let h = r + 131. Is h prime?
True
Suppose 5*t + f - 1104 = 0, 0 = -4*t - f + 551 + 333. Let r = t - -34. Suppose 0*h = 2*h - r. Is h prime?
True
Let y = -1689 + 5552. Is y composite?
False
Let y be (-179 + -1)*(-36)/(-48) - -1. Let v = -117 + 1728. Let d = y + v. Is d a composite number?
True
Suppose -2*y = -5*t + 71, 4*y - 3*t - t = -136. Is y*(-3 - 8/(-4)) composite?
True
Suppose -c - 3*s + 667 = 0, 5*s + 1323 = 14*c - 12*c. Suppose 3*m + 8 = 5*m. Is (2/4)/(m/c) prime?
True
Suppose -6*t - 14*t = -75700. Is t a prime number?
False
Suppose r - 81730 = -5*c - 4*r, 0 = 2*c + 5*r - 32701. Is c composite?
True
Let m = 10452 - 5189. Is m composite?
True
Let n be (-1)/(((-15)/550)/3). Suppose 2*b + v = -0*v + 11, 0 = -5*b + 3*v. Suppose b*x + n = 467. Is x composite?
True
Let o = -29214 + 42751. Is o a composite number?
False
Suppose 2*j - 4*s = -3*s + 15515, 4*s = 5*j - 38795. Suppose -6*o + 3*o = 3*p - j, -3*o + 10340 = 4*p. Suppose -10*h + 5*h = -p. Is h composite?
True
Suppose 0 = -4*o + 10 + 30. Suppose -j - o*j + 6941 = 0. Is j a composite number?
False
Suppose 0 = -4*v + 3*v. Suppose -3*z - 4*p + 139 = 0, 3*z - 174 = 3*p - v*p. Is z a composite number?
False
Suppose -32*q - 8 = -28*q. Is (-422)/(-2) + (-2 - q) composite?
False
Suppose -2*h - h + 4 = -w, -5*h = -2*w - 5. Suppose -z - 4*z + h*x = -60, 5*z + x = 60. Is (4/(-6))/(z/(-2538)) a prime number?
False
Suppose -c + 312 = -857. Let l = -63 - -66. Is 42/l*c/14 a composite number?
True
Let s(b) = b**2 + 16*b + 18. Let v(c) = c + 1. Let a(l) = -s(l) + v(l). Is a(-12) composite?
False
Is 245148/22 + 6/(-66) prime?
False
Let d(s) = s**3 - 32*s**2 - 15*s + 41. Is d(33) composite?
True
Is (2 - -2 - 3)*205 a prime number?
False
Let q = 8 - 5. Suppose 5*a = -4*z + q*z + 110, -4*z + a = -335. Let f = z + -60. Is f composite?
True
Let h = -324 + 3726. Suppose 5*l - 1123 - h = 5*g, -2*l + 4*g = -1806. Is l a composite number?
False
Suppose 5*n = 75 - 25. Let i be -10 + n + (4 - 0). Suppose -i*y - 551 = -5*y. Is y a composite number?
True
Let k be 813*(0 - 2) + 9 + -12. Let m = k - -2990. Is m a prime number?
True
Suppose -1 = -v + 3. Suppose -8*f + 812 = -v*f. Is f a composite number?
True
Suppose 2*r = 4*t, 4*t - 5 = 4*r - 1. Let m be 2*(-3 - r) + 8. Is (24/8)/(m/574) prime?
False
Let m = 58797 + -25486. Is m composite?
False
Is (-17)/((-85)/6810) - 1 composite?
False
Suppose 836 = k - w - 4*w, k + 5*w - 806 = 0. Suppose -3*g + 486 + k = 4*f, 0 = -2*g - 6. Is f composite?
True
Suppose s = -2*s - 2*g, 3*s - 5*g = 21. Suppose -u - 420 = -s*w - 2*u, -5*u = 2*w - 420. Let a = 205 + w. Is a pri